 (-1934)/(-8) + (-10)/(-40) - 2. Suppose -9*x + x = -l. Calculate the greatest common factor of x and 6.
6
Suppose 0 = -y + t - 2*t + 62, y - 66 = t. What is the greatest common divisor of 160 and y?
32
Let k be (36/(-8))/((-15)/20). Suppose k*o = 15*o - 36. Calculate the greatest common divisor of o and 36.
4
Let x = 2883 + -331. Calculate the highest common factor of 44 and x.
44
Let p be (-9)/(-18)*(0 + 32). Let t = -98 + 100. Calculate the greatest common factor of p and t.
2
Suppose -5*g = -80 + 40. What is the greatest common divisor of g and 64?
8
Let f(c) = 56*c - 60. Let u be f(4). Calculate the highest common factor of u and 8.
4
Let s = -33 + 37. Suppose -140 = -s*v - 2*t, -5*v = 3*t - 0*t - 174. What is the highest common divisor of 4 and v?
4
Let z(m) = m**3 + 37*m**2 + 34*m - 45. Let b be z(-36). What is the greatest common factor of 162 and b?
27
Suppose 4*h - 5*f - 145 + 61 = 0, -f = 5*h - 105. What is the highest common divisor of h and 33?
3
Let c = 437 + -397. Calculate the greatest common divisor of 460 and c.
20
Let t(j) = 11*j - 99. Let m be t(17). What is the greatest common divisor of m and 33?
11
Let h(d) = -10 + 472*d - 951*d + 2*d**2 + 474*d. Let p be h(5). What is the greatest common divisor of p and 165?
15
Let c = 177 - -639. What is the highest common factor of c and 48?
48
Let j be (4/(-6))/((-8)/564). Calculate the highest common factor of j and 329.
47
Suppose -k + 15 = 3*n, -2*k + 2 = -4. Let u(m) = -2*m**2 + 12*m + 26. Let x be u(7). What is the greatest common factor of x and n?
4
Let q = 339 + -271. What is the greatest common divisor of q and 4?
4
Suppose 0*l + 2*l + 4*k - 60 = 0, -k = -3. Let t = -15 - -20. Suppose 0 = -s - 5*h - 5 + 90, -t*s - 3*h = -315. What is the greatest common divisor of s and l?
12
Let f = 594 - 458. Calculate the greatest common factor of f and 32.
8
Suppose -k = 2*w - 78, 3*w + w - 82 = -k. Suppose 4*v + 3*s - 84 = 0, -2*v + k = v + 5*s. Calculate the highest common divisor of 198 and v.
18
Suppose -12*w - 1098 = -7818. Let p be w/(-42)*6/(-5). Calculate the highest common factor of p and 64.
16
Let j = 39 - 23. Let u(z) = z - 10. Let p be u(j). Suppose -2*v - p*m + 64 = -2*m, 0 = -5*v + 4*m + 188. Calculate the highest common divisor of v and 6.
6
Suppose -c - 5*g = -356, 0*c + 2*g = 2*c - 760. Suppose -15*z + c = -44. Calculate the greatest common divisor of 7 and z.
7
Let w = -34 + 41. Let q(d) = 4*d + 16. Let v be q(w). Suppose -t - 3*t = -44. Calculate the greatest common divisor of v and t.
11
Suppose -585 = 2*k - 11*k. Suppose k + 335 = 5*i. What is the highest common factor of 5 and i?
5
Let k = 786 + -751. Calculate the highest common factor of 14 and k.
7
Suppose 0 = -44*p + 17*p + 675. What is the highest common factor of p and 50?
25
Let p be 47*3 + (-12)/(-16)*4. What is the greatest common factor of p and 24?
24
Let t = -3 - -4. Let k = 10 + t. Let c(v) = 10*v**3 - 2*v**2 + 4*v - 3. Let x be c(2). What is the greatest common divisor of x and k?
11
Suppose 0 = 2*g - r - 21, -4*g + 25 + 5 = 2*r. Let n be 1 + (-15)/g + 368/12. Calculate the highest common factor of 10 and n.
10
Suppose 3312 = 11*p + p. Calculate the greatest common factor of p and 6.
6
Let w(q) = q**3 - 32*q**2 - 69*q + 40. Let j be w(34). What is the greatest common factor of j and 27?
3
Suppose -3*j + 2*d + 3*d = -2001, j - 2*d = 667. What is the highest common divisor of j and 23?
23
Let x be (-3)/(-2 + -1)*(-2 + 289). What is the greatest common divisor of 41 and x?
41
Let z be 2 + -2 - (-9)/(-1). Let y(q) = -3*q - 7*q + 10 + 5*q + 6*q. Let l be y(z). What is the greatest common divisor of 1 and l?
1
Let v be 25 - (16/(-64) + (-34)/(-8)). What is the highest common factor of v and 182?
7
Suppose -26 = 3*p - 4*n + 67, -2*n + 87 = -3*p. Let s be (-4 - -3)/(1/p). Calculate the highest common divisor of s and 270.
27
Let v(n) = n**3 + 24*n**2 - 25*n + 28. Let c be v(-25). Let w = c - 26. Let h = -1 + 3. What is the greatest common factor of w and h?
2
Suppose -2*g - 50 = 3*g. Let a be (116/g)/((-1)/5). Suppose a = 4*k - 134. What is the greatest common factor of k and 16?
16
Let q(z) = -z**3 - 7*z**2 + 6*z + 11. Suppose 1 - 17 = 2*k. Let x be q(k). Calculate the greatest common divisor of x and 189.
27
Let o(d) = -6*d - 44. Let w be o(-15). Calculate the highest common factor of w and 230.
46
Suppose 2*u = 5*h - 159, 91 = 46*h - 43*h + u. Calculate the highest common divisor of h and 1271.
31
Suppose -7*x + 137 = -31. Let k(c) = c**2 + 3*c - 1. Let n be k(-4). Calculate the highest common divisor of n and x.
3
Suppose 0 = -33*y - 24*y + 1026. Let w be ((-6)/(-5))/(1/5). Calculate the greatest common divisor of w and y.
6
Let d = 4394 - 4386. Let b = -206 - -310. Calculate the highest common factor of b and d.
8
Let n(u) = -4*u - 2 + 8 + u**2 + 9*u. Let p be n(-4). Suppose 0 = -p*q - 33 + 103. What is the highest common factor of q and 14?
7
Let v(a) = -16*a - 222. Let b be v(-14). Suppose 0 = n - 8 + 2. Suppose 0 = 4*h - 3*g - 10, -3*g + 6 = -n*g. Calculate the greatest common factor of b and h.
1
Suppose 0 = 4*v + 3*s - 4 - 0, 4*v = -2*s. Let k(y) = -y**3 + 2*y**2 + y. Let h be k(v). Suppose 2*t - 98 = 42. Calculate the highest common factor of t and h.
14
Let g(o) = 54*o**2 - 2323*o + 74. Let x be g(43). Suppose -z - 124 = -2*z. What is the greatest common divisor of z and x?
31
Let x(u) = 2*u - 2. Let g be x(1). Suppose -6*q + 4*q = g. Suppose q = 3*t - 2*t - 14. Calculate the greatest common factor of 112 and t.
14
Let j(w) = w**2 - 45*w + 249. Let o be j(6). Let r(n) = -2*n + n**2 - 6*n**3 + 5*n - 3*n**2. Let k be r(-3). What is the highest common divisor of k and o?
15
Let l(w) = -w**2 + 3*w + 10. Let q be l(4). Suppose -229*v + 225*v = -72. What is the highest common divisor of v and q?
6
Let u be (-1 + 70 - 7)*20. What is the greatest common divisor of u and 40?
40
Suppose 840 + 84 = 11*n. What is the greatest common factor of n and 60?
12
Suppose 0 = -8*a - 9 + 33. Let l be ((-1)/(-2) + 1)*18. What is the highest common factor of l and a?
3
Suppose -i + 84 - 32 = 0. Calculate the highest common factor of i and 39.
13
Let l(y) = 7*y + 37. Let a be l(-5). Let x be (-3)/(-2) + a/4. Suppose b - 10 = -b + 4*g, 10 = 2*b - 5*g. Calculate the greatest common divisor of x and b.
1
Suppose 86 = 4*m + 5*p, 6 = -6*p + 3*p. Let r(f) = 3*f**2 - 23*f - 160. Let v be r(-8). What is the highest common factor of v and m?
24
Let i(w) = 45*w**3 - 3*w**2 + 1. Let h be i(2). Let n = h + -189. What is the highest common factor of n and 20?
20
Suppose 123 + 147 = 3*c - n, -3*n = 3*c - 270. Suppose -v = -7*v + c. Calculate the greatest common factor of v and 105.
15
Let s = 200 - 80. Let k be -36*(10/(-10) + (-2)/6). What is the greatest common divisor of k and s?
24
Let m = -91 - -120. What is the highest common divisor of m and 203?
29
Suppose 3*h = r - 14, -5*r + 31 = -0*r - 2*h. Let m be (1 + 3/3)/(-1). Let c be 9 - m/(2 + 0). Calculate the highest common factor of c and r.
5
Let v be 42866/19 + (-154)/19 + 8. Calculate the greatest common divisor of v and 48.
48
Let t(n) = 16*n - 27. Let v be t(6). What is the greatest common factor of 23 and v?
23
Let c be ((-14)/(-6))/(2/18) + 0. Suppose 4*k = -2*g - g + c, -26 = -g + 5*k. What is the greatest common factor of 77 and g?
11
Suppose 1709 = 9*y + 1583. Calculate the greatest common divisor of 3290 and y.
14
Suppose x - 4*q = 28, 0 = -0*x + 5*x + 4*q - 68. Let y be 4/10*(-16 + 36). Calculate the greatest common divisor of x and y.
8
Suppose -2*m + 60 = 2*m. Calculate the greatest common factor of 135 and m.
15
Let o(y) be the first derivative of -y**4/4 - 31*y**3/3 + 39*y + 38. Let b be o(-31). Calculate the greatest common factor of 52 and b.
13
Suppose -10*q + 18 = -4*q. Let c be (-6)/q - -8 - 3. Calculate the greatest common divisor of c and 9.
3
Let t = -81 - -86. Suppose -2*k + 23 = -t. What is the greatest common divisor of k and 14?
14
Suppose 0*f - 9*f + 2178 = 0. Suppose q - 2*q + z + 128 = 0, -5*z + f = 2*q. Calculate the highest common factor of q and 14.
14
Let x(w) = w**3 - 3*w**2 + 3*w + 4. Suppose 2*s - n = 8, -5 = -4*s - n + 11. Let d be x(s). What is the greatest common divisor of d and 24?
8
Suppose -2*g - 354 = -1082. What is the greatest 